+ u + 2. Let z = s - -10. List the prime factors of z.
2, 5
Let m be ((-4)/(-1) - 3)*-24. List the prime factors of (-55)/2*m/30.
2, 11
Let i(b) = 13*b**2 - b + 1. Let f be i(1). Suppose 2*m - f - 19 = 0. List the prime factors of ((-12)/(-16))/(1/m).
2, 3
Let s be ((-9)/6)/(6/(-640)). Suppose -4*j = j - s. What are the prime factors of j?
2
Let o be (-6)/2 + 7 + -6. Let y be 3/3*o - -1. Let x = 9 - y. What are the prime factors of x?
2, 5
Let z(a) = -a**2 + 5*a - 2. Let q be z(4). Suppose 2*c = -3*h + 2 + 49, -118 = -5*c + q*h. What are the prime factors of c?
2, 3
Suppose -5*v - 5 + 15 = 0. Suppose -i + 8 = v*z - 51, 0 = -2*z - 4*i + 50. List the prime factors of z.
31
Suppose 5*k - 3*r - 506 = 0, -205 - 205 = -4*k + 5*r. List the prime factors of k.
2, 5
Suppose 3*c - 86 + 341 = 0. Let j = -61 - c. What are the prime factors of j?
2, 3
Suppose -3*b + 6*f - 2*f - 17 = 0, 7 = -3*b + 2*f. Suppose b = 3*u - 2*u. Let j = u + 7. List the prime factors of j.
2
Let s(q) = -3*q - 4. Let p be s(-3). Suppose 4*l - 108 = -i - i, 5*i = -p*l + 260. List the prime factors of i.
2, 5
Suppose 0 = -7*d + 6*d. Suppose 132 = 5*v - 2*k, d = v - 3*k + 4*k - 32. What are the prime factors of v?
2, 7
Let p be (375/(-10))/((-3)/(-20)). What are the prime factors of 4/(-6) + p/(-15)?
2
Suppose 12 = -a - 4*y, -2*y + 5*y + 9 = 0. Suppose 91 = -5*r - 4*k, a*k - 34 = 2*r + k. List the prime factors of (-10)/r*(-57)/(-2).
19
Let z(b) be the third derivative of b**4/4 - 5*b**3/6 - 6*b**2. What are the prime factors of z(2)?
7
Suppose -180 = -0*s + 4*s. Let x = -27 - s. List the prime factors of x.
2, 3
Let m(l) = l + 9. What are the prime factors of m(-5)?
2
Let l = -15 - -50. List the prime factors of l.
5, 7
Let b(o) = 3*o + 5. Let d be -1*3/((-9)/(-15)). Let r be b(d). List the prime factors of r/((-3)/(1 - -2)).
2, 5
Let c(f) = 2*f + 2 + 5 + 3*f. List the prime factors of c(5).
2
Suppose 0 = 2*k - r - 10, 5*k - 5*r + 4 = 39. Suppose 2*v + 0*v - 17 = k*x, 3*v + 5*x = 16. List the prime factors of v.
7
Let w = -18 - -66. List the prime factors of w.
2, 3
Let y be 3 - -5 - 2*-1. Let p be (y/(-15))/((-4)/6). List the prime factors of ((-9)/(-15) - p)*-5.
2
Suppose -7*s = -3*s - 180. List the prime factors of s.
3, 5
Let h(d) = d**2 - 6*d + 3. Suppose 4*n - r = 33 - 9, -2*r + 12 = 4*n. Let z be h(n). What are the prime factors of (2 - -2)/(z/(-3))?
2, 3
Let g(u) = u + 11. Let l be g(-8). Suppose l*a + 5*d = 27, a - 3*a + 5 = -d. What are the prime factors of a?
2
Let r(g) = -g**2 + 10*g - 8. Let n be 3*(-2 + 42/9). Let p be r(n). Let h = -5 + p. What are the prime factors of h?
3
Let m be 102/(-30) - 2/(-5). List the prime factors of ((-34)/m)/(4/6).
17
Let j(c) = c**3 - 4*c**2 + 4*c. Let p be j(3). Let w(t) = 2*t**2 - 3 - 3*t + t**p + 4*t**3 - 4*t**3. List the prime factors of w(-2).
3
Let w(a) = -a**2 + 14*a - 9. Let j be w(13). Suppose j*b - 34 = 2*b. What are the prime factors of b?
17
Let b be (-226)/((1 + 0)*-2). Suppose -2*n + 4*f - 49 = -3*n, -3*n + b = -5*f. List the prime factors of n.
41
Let p(y) = 4*y - 4. Suppose 5*f - 21 = -4*u, -4 - 8 = -2*u - 4*f. List the prime factors of p(u).
2, 3
Let h(u) = -u**2 - 5*u + 3. Let m(v) = -4*v**2 - 2*v - 1. Let s be m(-1). What are the prime factors of h(s)?
3
Suppose -4*b - 3*x = -6*x - 27, b - 28 = 5*x. Suppose -4*u + 17 = b*w - 1, 0 = 3*u - w - 7. Suppose 0 - 18 = -u*j. What are the prime factors of j?
2, 3
Let s(n) = 2*n**3 - 3*n**2 + 2*n - 1. Let b be 2 - 0*(-3)/6. Let r = b + 0. List the prime factors of s(r).
7
Suppose 7*g - 470 = -5*j + 2*g, 4*j - 384 = -2*g. Suppose -92 - j = -5*h. List the prime factors of h.
2, 19
Suppose -s + o + 281 = 4*s, s - 57 = o. What are the prime factors of s?
2, 7
Let l = -21 - -51. Suppose 0 = h + 2*h - l. Suppose 44 = 5*g - 2*d, g - 2*g + h = -d. List the prime factors of g.
2
Let l(h) = 3*h - 10. Let a be l(6). Suppose 5*g - 2*g = -18. Let c = a + g. List the prime factors of c.
2
Suppose 0 = 3*m - 28 - 26. What are the prime factors of m?
2, 3
Suppose -5*o + 9 + 1 = 0. Suppose -q - 2*q = -o*p - 4, 3*q + 2*p = -16. Let z = q - -8. List the prime factors of z.
2, 3
Suppose -3*v + 86 = 32. Suppose -3*t - 3*q = -27, 5*q - 22 = -3*t + 9. Let f = v - t. List the prime factors of f.
11
Let i(n) = n**2 + 2*n + 4. What are the prime factors of i(-4)?
2, 3
Let v(s) = -s**3 + 2*s**3 - 4 + 4*s + s + 10 + 6*s**2. List the prime factors of v(-5).
2, 3
Let h be -41*(2 + (-9)/3). Let f = h - 13. What are the prime factors of f?
2, 7
Suppose -3*h + 2 + 7 = 0. Suppose -2*v + 4*l = -52, -5*l = -h*l + 4. List the prime factors of v.
2, 11
Let g be (-4)/3*243/(-6). Suppose -5*q + g = -2*q. What are the prime factors of q?
2, 3
Suppose -2*z - 1 = 3*p - 48, 4*p - 4*z = 36. What are the prime factors of -1*(5 - 4) + p?
2, 3
Let j(y) = -y**2 - 9*y - 5. Let p be j(-8). Suppose -2*s + 15 = p*s. List the prime factors of (s - (-22)/(-10))*5.
2
Let p be -15 - 0*(-4)/(-8). Let c = 20 + p. List the prime factors of c.
5
Let u(j) = j**2 + j + 25. List the prime factors of u(0).
5
Let z be -3*(22/(-6) + 2). Let w be -8 + -3 + z + -3. List the prime factors of (-5 - -4)/(1/w).
3
Suppose 0 = -q + 77 - 3. List the prime factors of q.
2, 37
Let i(u) = -u**2 - 29*u + 4. What are the prime factors of i(-17)?
2, 13
Suppose 0 = 2*z + 2*z - 5*j - 17, j - 8 = -3*z. What are the prime factors of -2*(-15)/6 - z?
2
Suppose -9*j + 1715 = -4*j. What are the prime factors of j?
7
Let r = -5 + 4. Let v = 1 - r. Suppose 2*m - v = -4*p, -34 = -2*m + p + 3*p. List the prime factors of m.
3
Let h be 8/12 - (-16)/3. Suppose -m + 14 = h. Suppose 24 = 4*r - m. List the prime factors of r.
2
Suppose j + 24 = 3*j. Suppose -z + 8 + j = 0. Let g = -14 + z. What are the prime factors of g?
2, 3
Let q be 18/8 - (-1)/(-4). Let i(u) = u**2 + 1. Let x be i(1). Let t = x + q. What are the prime factors of t?
2
Suppose 2*u - 19 = 3*u - 5*n, 0 = 3*u - 5*n + 17. Suppose -2*m = -37 - u. List the prime factors of m.
19
Suppose 0 = 4*m - m - 3. Suppose 4 = 4*x - 2*x. What are the prime factors of (m - -1 - 1) + x?
3
What are the prime factors of (102/2)/3 - 1?
2
Let s(x) = x**3 - 4*x**2 + x - 4. Let a be s(5). What are the prime factors of 4/a - (-768)/78?
2, 5
Let r(k) = -k**3 + 6*k**2 + 4*k - 2. Let b be r(6). Suppose n = 2*n - b. What are the prime factors of n?
2, 11
Let p = 34 + -32. What are the prime factors of p?
2
Let m(r) = r**3 - 12*r**2 - 19*r + 8. What are the prime factors of m(14)?
2, 67
List the prime factors of (-12)/54 - (-2)/(-18)*-191.
3, 7
Let m(h) = 5 - h**2 + 3*h**2 - h**2 + 2*h. What are the prime factors of m(-4)?
13
Suppose 4*j + 18 = 5*j. List the prime factors of j.
2, 3
Let h(w) = 2*w**3 + w**2 + 8*w + 9. List the prime factors of h(5).
2, 3
Suppose -4*x = -203 + 47. What are the prime factors of x?
3, 13
Suppose -2*c - 3 = -7. Let p = c + 9. What are the prime factors of p?
11
List the prime factors of (27/(-6) - 9/(-3))*-36.
2, 3
Let f(h) = h - 5. Let q be f(8). Suppose -18 - 6 = -l - 4*g, l + g - 9 = 0. Suppose -l*x + 2*n = -q*n - 27, 4*n - 12 = -x. What are the prime factors of x?
2
Suppose -a = -9 - 150. Suppose -2*k - 4*x - 112 = 0, -3*x = 3*k - 0*x + a. What are the prime factors of ((-180)/k)/(2/5)?
3
Suppose -5*n = 113 + 12. Let d = -14 - n. What are the prime factors of d?
11
Suppose -5*h + 5 = -3*w, -h = 3*w + w + 22. Let u be (13 - 3)*h/4. Let k = u + 7. List the prime factors of k.
2
Suppose 2*s - 52 = -0*s. Suppose 2*z = -2*z + 148. Let h = z - s. List the prime factors of h.
11
Suppose -o = 2*s + 5, -2*o + s = -s + 22. Let x = o + 13. List the prime factors of x.
2
Suppose 8*v = v + 763. What are the prime factors of v?
109
Let o be (165/20)/((-3)/(-16)). Suppose 9*u = 13*u - o. What are the prime factors of u?
11
Let s = -41 + 98. What are the prime factors of s?
3, 19
Let u = 25 - -12. List the prime factors of u.
37
Suppose 3*n = 3*p + 2*p + 47, 2*n + 5*p + 2 = 0. Let j be (-2)/3 - 2/(-3). Let a = n + j. What are the prime factors of a?
3
Let z(r) = -2*r - 12. Let h(p) = 1. Let c(g) = 6*h(g) + z(g). What are the prime factors of c(-6)?
2, 3
Suppose o - 3 = -0. Suppose 2 = -x, o*v - 8 - 3 = x. Suppose -t - 5*p + 65 = 4*t, p = v*t - 31. List the prime factors of t.
11
Let b(n) = -3*n**3 - 9*n**2 - 1. Let 